r when (-86)/(-1) - c*-1 is divided by h(16)?
8
Suppose 2*y - 7*y + 1300 = 0. Let n(z) = z**3 - 8*z**2 - 29*z - 15. Calculate the remainder when y is divided by n(11).
28
Calculate the remainder when 6693 is divided by -285 + 328 - (7 - 0).
33
Let i be (-4)/(104/210 - (-6)/(-15)). Calculate the remainder when 63 is divided by 24/i + (3 - (-604)/28).
15
Let m = 10 - -7. Let y(w) = 7*w + 11. Calculate the remainder when y(m) is divided by 37.
19
Suppose 5*m = -t + 1800, 2*t - 579 - 501 = -3*m. Let n = -66726 + 66745. What is the remainder when m is divided by n?
18
Suppose -4*f + 44 = -5*t, -10 = -5*f + 45*t - 50*t. Calculate the remainder when 2134 is divided by f.
4
What is the remainder when (2 - (-6 - -6)) + 1041 is divided by 11?
9
Let j = -7441 + 7604. What is the remainder when j is divided by 82?
81
Calculate the remainder when -4 - (2 + 2 - (-15)/((-45)/5016)) is divided by 414.
8
What is the remainder when 364 is divided by (84/(-147))/(8/(-2436))?
16
Let s(g) = -g**3 - 3*g**2 + 20*g + 46. Let f be s(-5). Calculate the remainder when (62 - -4)/((-3)/f) is divided by 5.
3
Suppose 2 = 2*i, -7*i + 3*i = y - 14. Suppose -49*x - 800 = -44*x. What is the remainder when (-4)/(-10) - (-8)/(x/(-372)) is divided by y?
9
Suppose 0 = 101*b + 10*b + 9435. Suppose 2*g + 112 = 314. Let k = g + b. What is the remainder when 175 is divided by k?
15
Suppose 0 = z - 2*l - 10, -2*l + 6*l = 3*z - 24. Suppose -z*p + 204 = -5*k + 7*k, 0 = -4*p - 5*k + 204. Calculate the remainder when p is divided by 25.
1
Suppose 5*c + 70 = -17*r + 22*r, c - 25 = -2*r. What is the remainder when 152 is divided by r?
9
Let p(v) = 2*v**2 - 10*v - 186. Calculate the remainder when p(-9) is divided by 60.
6
Let x(v) = 19*v**2 + 13*v - 32. Suppose 5*w = -2*a - 3 + 34, -2*a + 5*w - 19 = 0. Calculate the remainder when x(a) is divided by 24.
10
Suppose -2*t = -2*t - t. Suppose 5*i - 1123 - 62 = t. Calculate the remainder when i is divided by 14.
13
Suppose 0 = 2*t + 3*b - 41, -4*b = -3*b + 1. Suppose -101 = -3*q + t. What is the remainder when q is divided by 4?
1
Let q(p) = -p**3 + 33*p**2 + 31*p + 116. Suppose 0 = 11*l + 145 - 519. What is the remainder when 31 is divided by q(l)?
3
Let l(n) = -n**2 + 83*n - 668. Calculate the remainder when 1857 is divided by l(73).
59
Suppose -u + 4*u - 4*p = 137, -2*p - 94 = -2*u. What is the remainder when u is divided by 32?
19
Let t(b) = 91*b**2 - 196*b - 39. What is the remainder when t(3) is divided by 7?
3
Suppose -40*x + 45868 = 10028. What is the remainder when x is divided by 90?
86
Suppose 4089 - 10949 = 19*y - 159*y. Let u(r) = 6*r**3 + 3*r**2 + r + 2. Calculate the remainder when u(3) is divided by y.
47
Suppose -4*u - 20 = -2*o, 9*u - 4*u + 25 = -4*o. Suppose -736 = -3*r + 2*k, -3*r = -o*r - 3*k - 732. Calculate the remainder when r is divided by 63.
59
Suppose -829*b = -864*b + 3290. Calculate the remainder when 489 is divided by b.
19
Calculate the remainder when 676/(-6)*(-294)/784*(28 - 0) is divided by 41.
35
Let y(m) = -4*m - 4. Let r be y(4). Suppose 3*f - 5*o - 94 = 0, 4*o + 35 + 25 = 2*f. Let b = r + f. What is the remainder when 88 is divided by b?
16
Suppose -12 + 4 = -2*v. Suppose 0 = -6*k + 7*k + 1, -2*y = v*k - 784. Calculate the remainder when y is divided by 18.
16
Let v = -11238 + 11958. What is the remainder when v is divided by 202?
114
Suppose 34 = 2*d - 388. Let g = -203 + d. Let a(o) = -2*o - 2. Calculate the remainder when g is divided by a(-2).
0
Suppose -7375 = -5*g - 2*i, -456*i - 7375 = -5*g - 457*i. What is the remainder when g is divided by 100?
75
Calculate the remainder when 84 is divided by 0 + (18/(-24))/((-2)/40).
9
Suppose -3*m + 6 = -10*m + 692. What is the remainder when 152 is divided by m?
54
Let w = 16 + -1. Suppose -3*b = -2*b - 59. Calculate the remainder when b is divided by w.
14
Calculate the remainder when (-2)/(-1) - 2 - (-4 + -87) is divided by (62/(-12) - 0)*-6.
29
Let j be (-16 + 26/2)*-1*1. Suppose 0 = -d + 4*d - 345. Suppose -2*h = -5*q + 160, -h + d = q + j*q. What is the remainder when 147 is divided by q?
27
Suppose 11*i = -7*i + 2196. Calculate the remainder when 242 is divided by (0 + i)*(-7)/(-14).
59
Suppose 15*u - 76 = 13*u. Let j = 262 + -66. Let s = -121 + j. Calculate the remainder when s is divided by u.
37
Suppose 5*b - 2*t - 1000 = 0, 3*b = -2*t + 144 + 472. Calculate the remainder when 1413 is divided by b.
201
Let k(b) = -b**3 + 7*b**2 + 30*b - 28. Suppose -14*f = -11*f - 123. What is the remainder when k(9) is divided by f?
39
Suppose -3*h = 3*v, h = v + 3*v - 15. Calculate the remainder when 53 is divided by (0 + v/(-6))*-38.
15
Let w = 208 - 103. Let m = -30 + w. Suppose -3*d + 5*d = 2*l - 52, 104 = 4*l + 3*d. What is the remainder when m is divided by l?
23
Let r(z) = -9*z**3 + 9*z**2 + 49*z + 106. What is the remainder when r(-3) is divided by 282?
1
Let n = 53 + -65. What is the remainder when n/84 - 988/(-7) is divided by 24?
21
Suppose 60 = 5*a + 5*q, 33*a + 4*q + 72 = 37*a. Suppose a*c = 350 + 1045. Calculate the remainder when c is divided by 21.
9
Suppose o - 2*y + 24 = -63, -4*o = -2*y + 360. Let n = o + 270. What is the remainder when n is divided by 26?
23
Let n(w) = -w**3 - 7*w**2 + 11*w + 13. Let l = 61 + -37. Suppose -13 = 4*c + f + l, 0 = 2*c - f + 17. What is the remainder when n(c) is divided by 20?
16
Suppose -96 = -2*p - 5*u, 0*p + 4*u = -4*p + 192. Suppose p = 19*x - 16*x. Calculate the remainder when x is divided by 3.
1
Let s = -10531 + 10931. What is the remainder when s is divided by 78?
10
Suppose -125*a = -63*a - 7999 - 20521. What is the remainder when a is divided by 135?
55
What is the remainder when 251 is divided by 250/3 - (697/(-51) - -15)?
5
Suppose 50*w - 46*w = 2744. Suppose w = 17*k + 125. Calculate the remainder when 162 is divided by k.
30
Let m = -923 + 942. Suppose 3*w - 20 = -w. Suppose -5*r + r + w*z + 283 = 0, -4*r = z - 289. Calculate the remainder when r is divided by m.
15
Let t = -4 - -158. Let y(j) = -2*j**3 + 44*j**2 - 110*j - 21. What is the remainder when t is divided by y(19)?
44
What is the remainder when 334/(-501) - -6905*1/3 is divided by 51?
6
Let d(x) = -x**3 - 82*x**2 - 774*x - 37. Calculate the remainder when 2026 is divided by d(-10).
14
Let u(b) = -b**3 - 2*b**2 + 11*b - 6. Let w be u(-8). Suppose -w = -16*g + 14*g. Calculate the remainder when g is divided by 25.
20
Suppose 0 = -3*d - 5*p + 3*p + 6564, -p - 8741 = -4*d. What is the remainder when d is divided by 30?
26
Let c(u) = 4*u - 3. Suppose 12 = 4*a + 2*a. Let z be c(a). Suppose 49 = 4*p + i, 2*p - 6*i - 29 = -z*i. What is the remainder when p is divided by 4?
1
Suppose -26*t = -165 + 61. Suppose 4*v - 27 = 3*v. Calculate the remainder when v is divided by (-88)/(-9) - t*(-5)/90.
7
Let p(d) = d**3 - 6*d**2 - 2*d + 7. Let z(v) = -v**3 + 6*v**2 + 4*v - 8. Let r(q) = -5*p(q) - 4*z(q). Calculate the remainder when 18 is divided by r(4).
3
Suppose 0 = 12*t - 14017 + 409. What is the remainder when t is divided by 34?
12
Suppose 165 = 4*v + 21. Let h = -88347 - -88357. What is the remainder when v is divided by h?
6
Let p = 6411 + -6183. What is the remainder when 559 is divided by p?
103
Suppose 0 = 2*v - 5*v - 3*k + 3, 2*k = -6. Suppose 3*c = -5*i + 289, 134 = v*i + 5*c - 105. What is the remainder when i is divided by 13?
4
Suppose 133 = -3*k - 128. Let f = 55 + k. Let y = 2 - f. What is the remainder when y is divided by 18?
16
Let n(c) = -12 - 8*c**3 - c**2 + 7*c**3 - c**2 - 3*c + 4*c. Suppose 3*u + 5 = 2*u, 3*i - 5*u = 13. What is the remainder when 42 is divided by n(i)?
10
Suppose -4*m + 679 = -4*a + 171, 0 = -4*a + 20. Let b = 60 + -149. Let y = b + m. What is the remainder when y is divided by 11?
10
Suppose 10*t - 86 - 164 = 0. Let z(y) = 18*y**3 + 2*y**2 - 3*y. What is the remainder when z(2) is divided by t?
21
Calculate the remainder when (-1)/(-2) - 34/((-952)/55818) is divided by 105.
104
Suppose -185 + 782 = -14*z + 3201. Suppose -w + 3*g + 20 = 0, 3*g - 10 = -2*w - g. Calculate the remainder when z is divided by w.
10
Let j(n) = 7*n**3 + 2*n**2 + 40 + 0*n**2 + 0*n**3 + 2*n - 6*n**3. Let d be j(0). What is the remainder when 22 is divided by d/(-12)*(-72)/20?
10
Suppose 4*w - 320 = -4*a - 0*w, -a + 5*w + 104 = 0. Suppose -11*